
17
Calculate the remainder when 49050837 is divided by 3565.
2
What is the remainder when 295472 is divided by 484?
232
Calculate the remainder when 13149 is divided by 4130.
759
What is the remainder when 8244580 is divided by 11?
3
Calculate the remainder when 239703434 is divided by 7871.
0
Calculate the remainder when 32969 is divided by 16329.
311
What is the remainder when 106900397 is divided by 5522?
5521
Calculate the remainder when 29389 is divided by 1732.
1677
What is the remainder when 7599594 is divided by 552?
210
Calculate the remainder when 79416948 is divided by 79416941.
7
What is the remainder when 155543843 is divided by 34?
31
Calculate the remainder when 3062420 is divided by 42.
32
Calculate the remainder when 11713001 is divided by 45.
41
What is the remainder when 279450839 is divided by 6060?
6059
What is the remainder when 112978 is divided by 958?
892
What is the remainder when 542412 is divided by 90399?
18
What is the remainder when 64521714 is divided by 38?
32
Calculate the remainder when 5983143 is divided by 659.
82
What is the remainder when 99500 is divided by 2554?
2448
Calculate the remainder when 12073904 is divided by 77.
73
Calculate the remainder when 12552518 is divided by 4235.
4213
What is the remainder when 146933 is divided by 1097?
1032
Calculate the remainder when 1099488 is divided by 274850.
88
Calculate the remainder when 527251 is divided by 219.
118
What is the remainder when 145201614 is divided by 19?
4
Calculate the remainder when 298176 is divided by 3241.
4
Calculate the remainder when 5982617 is divided by 2991222.
173
Calculate the remainder when 14545436 is divided by 370.
366
What is the remainder when 1577943 is divided by 20?
3
What is the remainder when 82446465 is divided by 88?
57
Calculate the remainder when 9839495 is divided by 621.
371
What is the remainder when 104525806 is divided by 175?
56
What is the remainder when 1997630 is divided by 510?
470
Calculate the remainder when 102047045 is divided by 531495.
5
Calculate the remainder when 3180591 is divided by 303.
0
What is the remainder when 447434 is divided by 1034?
746
Calculate the remainder when 191392 is divided by 191389.
3
Calculate the remainder when 6244364 is divided by 1016.
28
Calculate the remainder when 11099 is divided by 5431.
237
Calculate the remainder when 188680 is divided by 3884.
2248
What is the remainder when 1415518 is divided by 2631?
40
What is the remainder when 1762514 is divided by 197?
152
What is the remainder when 32175085 is divided by 16087530?
25
What is the remainder when 2062922 is divided by 79?
74
What is the remainder when 18365264 is divided by 87?
86
What is the remainder when 61753727 is divided by 173?
166
Calculate the remainder when 57875 is divided by 14449.
79
Calculate the remainder when 529192 is divided by 885.
847
What is the remainder when 3757000 is divided by 12?
4
Calculate the remainder when 56257 is divided by 4119.
2710
Calculate the remainder when 13578939 is divided by 6789465.
9
Calculate the remainder when 1694783 is divided by 7466.
1
What is the remainder when 2623 is divided by 1261?
101
What is the remainder when 8701 is divided by 1203?
280
What is the remainder when 241682 is divided by 127?
1
Calculate the remainder when 157974 is divided by 31010.
2924
What is the remainder when 686845 is divided by 7547?
68
What is the remainder when 420532 is divided by 210237?
58
What is the remainder when 4697942 is divided by 4314?
4310
What is the remainder when 389232 is divided by 456?
264
What is the remainder when 78673 is divided by 1245?
238
Calculate the remainder when 50138 is divided by 318.
212
Calculate the remainder when 339724 is divided by 4303.
4090
Calculate the remainder when 1459946 is divided by 13.
7
Calculate the remainder when 259402 is divided by 119.
101
Calculate the remainder when 199863 is divided by 1541.
1074
Calculate the remainder when 18129 is divided by 2574.
111
What is the remainder when 86973 is divided by 1224?
69
Calculate the remainder when 31487 is divided by 46.
23
Calculate the remainder when 110100221 is divided by 8.
5
Calculate the remainder when 17844047 is divided by 175.
172
What is the remainder when 56749493 is divided by 2094?
2093
What is the remainder when 58849 is divided by 3885?
574
What is the remainder when 13560419 is divided by 81200?
19
Calculate the remainder when 1530068 is divided by 21858.
8
What is the remainder when 100948821 is divided by 228?
225
What is the remainder when 2867133 is divided by 1308?
1305
Calculate the remainder when 93995310 is divided by 206.
188
What is the remainder when 1105685 is divided by 5094?
287
What is the remainder when 8215754 is divided by 7375?
4
Calculate the remainder when 907128 is divided by 4877.
6
Calculate the remainder when 7736993 is divided by 18.
17
What is the remainder when 5079793 is divided by 469?
54
Calculate the remainder when 496635 is divided by 1423.
8
Calculate the remainder when 1519252 is divided by 6.
4
Calculate the remainder when 7910193 is divided by 644.
585
Calculate the remainder when 2199364 is divided by 733114.
22
Calculate the remainder when 7643 is divided by 5.
3
Calculate the remainder when 741923 is divided by 29.
16
What is the remainder when 112710 is divided by 22284?
1290
Calculate the remainder when 13489724 is divided by 2568.
20
Calculate the remainder when 720085 is divided by 1143.
1138
What is the remainder when 249884 is divided by 83255?
119
What is the remainder when 9719162 is divided by 1619856?
26
Calculate the remainder when 6099188 is divided by 306.
302
What is the remainder when 2916491 is divided by 97?
89
Calculate the remainder when 1102114 is divided by 2191.
41
Calculate the remainder when 1249912 is divided by 217.
209
Calculate the remainder when 15467039 is divided by 368.
367
Calculate the remainder when 424066 is divided by 736.
130
Calculate the remainder when 525787 is divided by 2482.
2085
What is the remainder when 70198381 is divided by 35099188?
5
What is the remainder when 1352179 is divided by 412?
407
Calculate the remainder when 1103139 is divided by 275767.
71
Calculate the remainder when 246586 is divided by 203.
144
Calculate the remainder when 21324 is divided by 1750.
324
What is the remainder when 172811 is divided by 12737?
7230
What is the remainder when 11164 is divided by 1305?
724
Calculate the remainder when 40283870 is divided by 27.
5
Calculate the remainder when 49771 is divided by 428.
123
What is the remainder when 473429 is divided by 118332?
101
Calculate the remainder when 16507848 is divided by 10.
8
What is the remainder when 1870853 is divided by 467445?
1073
Calculate the remainder when 1183234 is divided by 30339.
13
What is the remainder when 71849 is divided by 4481?
153
Calculate the remainder when 223928 is divided by 377.
367
What is the remainder when 1126989 is divided by 93913?
33
What is the remainder when 352382 is divided by 1941?
1061
What is the remainder when 3131338 is divided by 252?
238
Calculate the remainder when 10328773 is divided by 241.
236
What is the remainder when 243561 is divided by 617?
463
Calculate the remainder when 79485645 is divided by 964.
953
What is the remainder when 29308715 is divided by 69?
68
What is the remainder when 361668 is divided by 180482?
704
What is the remainder when 18304 is divided by 164?
100
What is the remainder when 2020323 is divided by 224478?
21
What is the remainder when 1761964 is divided by 880974?
16
Calculate the remainder when 174694153 is divided by 149.
146
Calculate the remainder when 2323903 is divided by 121.
98
Calculate the remainder when 20795 is divided by 7915.
4965
What is the remainder when 51651029 is divided by 12068?
12057
What is the remainder when 1764659 is divided by 882321?
17
What is the remainder when 5204566 is divided by 238?
220
Calculate the remainder when 10008865 is divided by 1211.
1161
What is the remainder when 174732 is divided by 77?
19
What is the remainder when 458241 is divided by 8646?
3
Calculate the remainder when 5994270 is divided by 1997999.
273
What is the remainder when 3010286 is divided by 943?
230
Calculate the remainder when 1978231 i